{"id":96,"date":"2022-01-18T11:47:40","date_gmt":"2022-01-18T10:47:40","guid":{"rendered":"https:\/\/www.phoenix-c-h.de\/shop\/?post_type=product&#038;p=96"},"modified":"2022-03-30T07:50:26","modified_gmt":"2022-03-30T05:50:26","slug":"befaehigte-person-zur-pruefung-von-anschlagmitteln","status":"publish","type":"product","link":"https:\/\/www.phoenix-c-h.de\/shop\/produkt\/befaehigte-person-zur-pruefung-von-anschlagmitteln\/","title":{"rendered":"Bef\u00e4higte Person zur Pr\u00fcfung von Anschlagmitteln"},"content":{"rendered":"<h2>Seminarbeschreibung<\/h2>\n<p>Beim Bewegen und Heben von Lasten und auch als Bindeglied zwischen Kran und Last werden Anschlagmittel eingesetzt. Unternehmer sind verpflichtet, diese Anschlagmittel regelm\u00e4\u00dfig alle 12 Monate durch eine Bef\u00e4higte Person kontrollieren zu lassen.<br \/>\nDieses Seminar vermittelt Ihnen Grund- und Fachkenntnisse, um auch zwischen den wiederkehrenden Pr\u00fcfungen M\u00e4ngel, Defekte und Handlungsbedarf zu erkennen. So k\u00f6nnen Sie die Arbeitssicherheit st\u00e4ndig gew\u00e4hrleisten und durch rechtzeitiges Erkennen von notwendigen Reparaturen einen eventuellen Totalausfall, ungew\u00fcnschte Zwischenf\u00e4lle oder sogar Unf\u00e4lle vermeiden.<\/p>\n<h2>Inhalte:<\/h2>\n<ul>\n<li>Rechtliche und gesetzliche Grundlagen<\/li>\n<li>\u00a0BetrSichV, BG-Vorschriften, ArbSchG<\/li>\n<li>Aufgaben einer bef\u00e4higten Person<\/li>\n<li>Anschlag- und Lastaufnahmemittel<\/li>\n<li>\u00a0Auswahl geeigneter Mittel<\/li>\n<li>\u00a0Aufbewahrung von Anschlagmitteln<\/li>\n<li>Sicherheitsmerkmale<\/li>\n<li>Wiederkehrende Pr\u00fcfungen<\/li>\n<li>Sch\u00e4den und Verschlei\u00df<\/li>\n<\/ul>\n<h2>Dauer:<\/h2>\n<p>1 Tag mit 8UE *<br \/>\n(* UE = Unterrichtseinheit a 45 Minuten)<\/p>\n<h2>Zielgruppe:<\/h2>\n<p>Mitarbeiter mit beruflicher Erfahrung im technischen Bereich, die zus\u00e4tzlich zur Bef\u00e4higten Person die Kontrolle von Anschlag- und Lastaufnahmemitteln \u00fcbernehmen sollen.<\/p>\n<h2>Service:<\/h2>\n<p>Obst, kalte und hei\u00dfe Getr\u00e4nke.<\/p>\n<h2>Abschluss:<\/h2>\n<p>Zertifikat \u201eBef\u00e4higte Person zum Pr\u00fcfen von Anschlagmittel\u201c.<\/p>\n","protected":false},"excerpt":{"rendered":"<p>Seminarbeschreibung Beim Bewegen und Heben von Lasten und auch als Bindeglied zwischen Kran und Last werden Anschlagmittel eingesetzt. Unternehmer sind verpflichtet, diese Anschlagmittel regelm\u00e4\u00dfig alle 12 Monate durch eine Bef\u00e4higte Person kontrollieren zu lassen. Dieses Seminar vermittelt Ihnen Grund- und Fachkenntnisse, um auch zwischen den wiederkehrenden Pr\u00fcfungen M\u00e4ngel, Defekte und Handlungsbedarf zu erkennen. So k\u00f6nnen [&hellip;]<\/p>\n","protected":false},"featured_media":85,"template":"","meta":[],"product_brand":[],"product_cat":[24],"product_tag":[],"class_list":{"0":"post-96","1":"product","2":"type-product","3":"status-publish","4":"has-post-thumbnail","6":"product_cat-akademie","7":"wcpa_has_options","9":"first","10":"instock","11":"virtual","12":"taxable","13":"purchasable","14":"product-type-simple"},"_links":{"self":[{"href":"https:\/\/www.phoenix-c-h.de\/shop\/wp-json\/wp\/v2\/product\/96","targetHints":{"allow":["GET"]}}],"collection":[{"href":"https:\/\/www.phoenix-c-h.de\/shop\/wp-json\/wp\/v2\/product"}],"about":[{"href":"https:\/\/www.phoenix-c-h.de\/shop\/wp-json\/wp\/v2\/types\/product"}],"wp:featuredmedia":[{"embeddable":true,"href":"https:\/\/www.phoenix-c-h.de\/shop\/wp-json\/wp\/v2\/media\/85"}],"wp:attachment":[{"href":"https:\/\/www.phoenix-c-h.de\/shop\/wp-json\/wp\/v2\/media?parent=96"}],"wp:term":[{"taxonomy":"product_brand","embeddable":true,"href":"https:\/\/www.phoenix-c-h.de\/shop\/wp-json\/wp\/v2\/product_brand?post=96"},{"taxonomy":"product_cat","embeddable":true,"href":"https:\/\/www.phoenix-c-h.de\/shop\/wp-json\/wp\/v2\/product_cat?post=96"},{"taxonomy":"product_tag","embeddable":true,"href":"https:\/\/www.phoenix-c-h.de\/shop\/wp-json\/wp\/v2\/product_tag?post=96"}],"curies":[{"name":"wp","href":"https:\/\/api.w.org\/{rel}","templated":true}]}}